{"id":3,"date":"2025-12-02T19:52:36","date_gmt":"2025-12-02T18:52:36","guid":{"rendered":"https:\/\/www.mageso.de\/?page_id=3"},"modified":"2025-12-03T13:34:43","modified_gmt":"2025-12-03T12:34:43","slug":"datenschutzerklaerung","status":"publish","type":"page","link":"https:\/\/www.mageso.de\/index.php\/datenschutzerklaerung\/","title":{"rendered":"Datenschutzerkl\u00e4rung"},"content":{"rendered":"\n<h2 class=\"wp-block-heading\">Um Informationen zu den personenbezogenen Daten, dem Zweck und den Parteien, welchen diese Daten mitgeteilt werden, zu erhalten, kontaktieren Sie den Eigent\u00fcmer.<\/h2>\n\n\n\n<h3 class=\"wp-block-heading\" id=\"owner_of_the_data\">Anbieter und Verantwortlicher<\/h3>\n\n\n\n<p>mageso Energieberatung&nbsp;<br>R\u00fcdellstr. 6&nbsp;<br>50737 K\u00f6ln<\/p>\n\n\n\n<p><strong>E-Mail-Adresse des Anbieters:<\/strong>&nbsp;info@neor.de<\/p>\n\n\n\n<h3 class=\"wp-block-heading\" id=\"types_of_data\">Arten der erhobenen Daten<\/h3>\n\n\n\n<p>Der Eigent\u00fcmer stellt keine Auflistung der erhobenen personenbezogenen Daten zur Verf\u00fcgung.<\/p>\n\n\n\n<p>Vollst\u00e4ndige Details zu jeder Art von verarbeiteten personenbezogenen Daten werden in den daf\u00fcr vorgesehenen Abschnitten dieser Datenschutzerkl\u00e4rung oder punktuell durch Erkl\u00e4rungstexte bereitgestellt, die vor der Datenerhebung angezeigt werden.<br>Personenbezogene Daten k\u00f6nnen vom Nutzer freiwillig angegeben oder, im Falle von Nutzungsdaten, automatisch erhoben werden, wenn diese Anwendung genutzt wird.<br>Sofern nicht anders angegeben, ist die Angabe aller durch diese Anwendung angeforderten Daten obligatorisch. Weigert sich der Nutzer, die Daten anzugeben, kann dies dazu f\u00fchren, dass diese Anwendung dem Nutzer ihre Dienste nicht zur Verf\u00fcgung stellen kann. In F\u00e4llen, in denen diese Anwendung die Angabe personenbezogener Daten ausdr\u00fccklich als freiwillig bezeichnet, d\u00fcrfen sich die Nutzer daf\u00fcr entscheiden, diese Daten ohne jegliche Folgen f\u00fcr die Verf\u00fcgbarkeit oder die Funktionsf\u00e4higkeit des Dienstes nicht anzugeben.<br>Nutzer, die sich dar\u00fcber im Unklaren sind, welche personenbezogenen Daten obligatorisch sind, k\u00f6nnen sich an den Anbieter wenden.<br>Jegliche Verwendung von Cookies \u2013 oder anderer Tracking-Tools \u2013 durch diese Anwendung oder Anbieter von Drittdiensten, die durch diese Anwendung eingesetzt werden, dient dem Zweck, den vom Nutzer gew\u00fcnschten Dienst zu erbringen, und allen anderen Zwecken, die im vorliegenden Dokument und, falls vorhanden, in der Cookie-Richtlinie beschrieben sind.<\/p>\n\n\n\n<p>Die Nutzer sind f\u00fcr alle personenbezogenen Daten Dritter verantwortlich, die durch diese Anwendung beschafft, ver\u00f6ffentlicht oder weitergegeben werden, und best\u00e4tigen, dass sie die Zustimmung zur \u00dcbermittlung personenbezogener Daten etwaiger Dritter an diese Anwendung eingeholt haben.<\/p>\n\n\n\n<h4 class=\"wp-block-heading\" id=\"place_of_processing\">Art und Ort der Datenverarbeitung<\/h4>\n\n\n\n<h5 class=\"wp-block-heading\">Verarbeitungsmethoden<\/h5>\n\n\n\n<p>Der Anbieter verarbeitet die Nutzerdaten auf ordnungsgem\u00e4\u00dfe Weise und ergreift angemessene Sicherheitsma\u00dfnahmen, um den unbefugten Zugriff und die unbefugte Weiterleitung, Ver\u00e4nderung oder Vernichtung von Daten zu vermeiden.<br>Die Datenverarbeitung wird mittels Computern oder IT-basierten Systemen nach organisatorischen Verfahren und Verfahrensweisen durchgef\u00fchrt, die gezielt auf die angegebenen Zwecke abstellen. Zus\u00e4tzlich zum Verantwortlichen k\u00f6nnten auch andere Personen intern (Personalverwaltung, Vertrieb, Marketing, Rechtsabteilung, Systemadministratoren) oder extern \u2013 und in dem Fall soweit erforderlich, vom Verantwortlichen als Auftragsverarbeiter benannt (wie Anbieter technischer Dienstleistungen, Zustellunternehmen, Hosting-Anbieter, IT-Unternehmen oder Kommunikationsagenturen) \u2013 diese Anwendung betreiben und damit Zugriff auf die Daten haben. Eine aktuelle Liste dieser Beteiligten kann jederzeit vom Anbieter verlangt werden.<\/p>\n\n\n\n<ul class=\"wp-block-list\">\n<li><strong>Die Einwilligungen jederzeit widerrufen.<\/strong>\u00a0Hat der Nutzer zuvor in die Verarbeitung personenbezogener Daten eingewilligt, so kann er die eigene Einwilligung jederzeit widerrufen.<\/li>\n\n\n\n<li><strong>Widerspruch gegen die Verarbeitung ihrer Daten einlegen.<\/strong>\u00a0Der Nutzer hat das Recht, der Verarbeitung seiner Daten zu widersprechen, wenn die Verarbeitung auf einer anderen Rechtsgrundlage als der Einwilligung erfolgt. Weitere Informationen hierzu sind weiter unten aufgef\u00fchrt.<\/li>\n\n\n\n<li><strong>Auskunft bez\u00fcglich ihrer Daten erhalten.<\/strong>\u00a0Der Nutzer hat das Recht zu erfahren, ob die Daten vom Anbieter verarbeitet werden, \u00fcber einzelne Aspekte der Verarbeitung Auskunft zu erhalten und eine Kopie der Daten zu erhalten.<\/li>\n\n\n\n<li><strong>\u00dcberpr\u00fcfen und berichtigen lassen.<\/strong>\u00a0Der Nutzer hat das Recht, die Richtigkeit seiner Daten zu \u00fcberpr\u00fcfen und deren Aktualisierung oder Berichtigung zu verlangen.<\/li>\n\n\n\n<li><strong>Einschr\u00e4nkung der Verarbeitung ihrer Daten verlangen.<\/strong>\u00a0Die Nutzer haben das Recht, unter bestimmten Umst\u00e4nden die Verarbeitung ihrer Daten einzuschr\u00e4nken. In diesem Fall wird der Anbieter die Daten zu keinem anderen Zweck als der Speicherung verarbeiten.<\/li>\n\n\n\n<li><strong>L\u00f6schung oder anderweitiges Entfernen der personenbezogenen Daten verlangen.<\/strong>\u00a0Die Nutzer haben unter bestimmten Umst\u00e4nden das Recht, die L\u00f6schung ihrer Daten vom Anbieter zu verlangen.<\/li>\n\n\n\n<li><strong>Ihre Daten erhalten und an einen anderen Verantwortlichen \u00fcbertragen lassen.<\/strong>\u00a0Der Nutzer hat das Recht, seine Daten in einem strukturierten, g\u00e4ngigen und maschinenlesbaren Format zu erhalten und, sofern technisch m\u00f6glich, ungehindert an einen anderen Verantwortlichen \u00fcbermitteln zu lassen. Diese Bestimmung ist anwendbar, sofern die Daten automatisiert verarbeitet werden und die Verarbeitung auf der Zustimmung des Nutzers, auf einem Vertrag, an dem der Nutzer beteiligt ist, oder auf vorvertraglichen Verpflichtungen beruht.<\/li>\n\n\n\n<li><strong>Beschwerde einreichen.<\/strong>\u00a0Die Nutzer haben das Recht, eine Beschwerde bei der zust\u00e4ndigen Aufsichtsbeh\u00f6rde einzureichen.<\/li>\n<\/ul>\n\n\n\n<h4 class=\"wp-block-heading\">Details zum Widerspruchsrecht bez\u00fcglich der Verarbeitung<\/h4>\n\n\n\n<p>Werden personenbezogene Daten im \u00f6ffentlichen Interesse, in Aus\u00fcbung eines dem Anbieter \u00fcbertragenen hoheitlichen Befugnisses oder zur Wahrung der berechtigten Interessen des Anbieters verarbeitet, kann der Nutzer dieser Verarbeitung widersprechen, indem er einen Rechtfertigungsgrund angibt, der sich auf seine besondere Situation bezieht.<\/p>\n\n\n\n<p>Nutzer werden dar\u00fcber informiert, dass sie der Verarbeitung der personenbezogenen Daten f\u00fcr Direktwerbung jederzeit ohne Angabe von Gr\u00fcnden widersprechen k\u00f6nnen. Ob der Anbieter personenbezogene Daten f\u00fcr Direktwerbungszwecke verarbeitet, k\u00f6nnen die Nutzer den entsprechenden Abschnitten dieses Dokuments entnehmen.<\/p>\n\n\n\n<h4 class=\"wp-block-heading\">Wie die Rechte ausge\u00fcbt werden k\u00f6nnen<\/h4>\n\n\n\n<p>Alle Anfragen zur Aus\u00fcbung der Nutzerrechte k\u00f6nnen \u00fcber die in diesem Dokument angegebenen Kontaktdaten an den Anbieter gerichtet werden. Antr\u00e4ge k\u00f6nnen kostenlos ausge\u00fcbt werden und werden vom Anbieter so fr\u00fch wie m\u00f6glich, sp\u00e4testens innerhalb eines Monats, bearbeitet.<\/p>\n\n\n\n<h3 class=\"wp-block-heading\" id=\"further_data_processing_info\">Weitere Informationen \u00fcber die Erhebung und Verarbeitung von Daten<\/h3>\n\n\n\n<h4 class=\"wp-block-heading\">Rechtliche Ma\u00dfnahmen<\/h4>\n\n\n\n<p>Die personenbezogenen Daten des Nutzers k\u00f6nnen vom Anbieter zu Zwecken der Rechtsdurchsetzung innerhalb oder in Vorbereitung gerichtlicher Verfahren verarbeitet werden, die sich daraus ergeben, dass diese Anwendung oder die dazugeh\u00f6rigen Dienste nicht ordnungsgem\u00e4\u00df genutzt wurden.<br>Der Nutzer erkl\u00e4rt, sich dessen bewusst zu sein, dass der Anbieter von den Beh\u00f6rden zur Herausgabe von personenbezogenen Daten verpflichtet werden k\u00f6nnte.<\/p>\n\n\n\n<h4 class=\"wp-block-heading\">Weitere Informationen \u00fcber die personenbezogenen Daten des Nutzers<\/h4>\n\n\n\n<p>Zus\u00e4tzlich zu den in dieser Datenschutzerkl\u00e4rung aufgef\u00fchrten Informationen kann diese Anwendung dem Nutzer auf Anfrage weitere kontextbezogene Informationen zur Verf\u00fcgung stellen, die sich auf bestimmte Dienste oder auf die Erhebung und Verarbeitung personenbezogener Daten beziehen.<\/p>\n\n\n\n<h4 class=\"wp-block-heading\">Systemprotokolle und Wartung<\/h4>\n\n\n\n<p>Diese Anwendung und die Dienste von Drittanbietern k\u00f6nnen zu Betriebs- und Wartungszwecken Dateien sammeln, die die \u00fcber diese Anwendung stattfindende Interaktion aufzeichnen (Systemprotokolle), oder andere personenbezogene Daten (z. B. IP-Adresse) zu diesem Zweck verwenden.<\/p>\n\n\n\n<h4 class=\"wp-block-heading\">Nicht in dieser Datenschutzerkl\u00e4rung enthaltene Informationen<\/h4>\n\n\n\n<p>Weitere Informationen \u00fcber die Erhebung oder Verarbeitung personenbezogener Daten k\u00f6nnen jederzeit vom Anbieter \u00fcber die aufgef\u00fchrten Kontaktangaben angefordert werden.<\/p>\n\n\n\n<h4 class=\"wp-block-heading\">Wie \u201eDo Not Track\u201c Anfragen behandelt werden<\/h4>\n\n\n\n<p>Diese Anwendung unterst\u00fctzt keine Nicht-Verfolgen-Anfragen (\u201eDo Not Track\u201d) durch Webbrowser.<br>Die Information, ob integrierte Drittdienste das Nicht-Verfolgen Protokoll unterst\u00fctzen, entnehmen Nutzer der Datenschutzerkl\u00e4rung des jeweiligen Dienstes.<\/p>\n\n\n\n<h4 class=\"wp-block-heading\">\u00c4nderungen dieser Datenschutzerkl\u00e4rung<\/h4>\n\n\n\n<p>Der Anbieter beh\u00e4lt sich vor, jederzeit \u00c4nderungen an dieser Datenschutzerkl\u00e4rung vorzunehmen, indem sie ihre Nutzer auf dieser Seite und gegebenenfalls \u00fcber diese Anwendung und\/oder \u2013 soweit technisch und rechtlich m\u00f6glich \u2013 durch das Versenden einer Mitteilung an die Nutzer \u00fcber eine der dem Anbieter zur Verf\u00fcgung stehenden Kontaktdaten entsprechend informiert. Nutzern wird daher nahe gelegt, diese Seite regelm\u00e4\u00dfig aufzurufen und dabei das am Seitenende angegebene Datum der letzten \u00c4nderung zu pr\u00fcfen.&nbsp;<br><br>Soweit \u00c4nderungen eine auf der Einwilligung des Nutzers basierte Datennutzung betreffen, so wird der Anbieter \u2013 soweit erforderlich \u2013 eine neue Einwilligung einholen.<\/p>\n\n\n\n<h4 class=\"wp-block-heading\">Begriffsbestimmungen und rechtliche Hinweise<\/h4>\n\n\n\n<h4 class=\"wp-block-heading\">Personenbezogene Daten (oder Daten)<\/h4>\n\n\n\n<p>Alle Informationen, durch die direkt oder in Verbindung mit weiteren Informationen die Identit\u00e4t einer nat\u00fcrlichen Person bestimmt wird oder werden kann.<\/p>\n\n\n\n<h4 class=\"wp-block-heading\">Nutzungsdaten<\/h4>\n\n\n\n<p>Informationen, die diese Anwendung (oder Dienste Dritter, die diese Anwendung in Anspruch nimmt), automatisch erhebt, z. B.: die IP-Adressen oder Domain-Namen der Computer von Nutzern, die diese Anwendung verwenden, die URI-Adressen (Uniform Resource Identifier), den Zeitpunkt der Anfrage, die Methode, die f\u00fcr die \u00dcbersendung der Anfrage an den Server verwendet wurde, die Gr\u00f6\u00dfe der empfangenen Antwort-Datei, der Zahlencode, der den Status der Server-Antwort anzeigt (erfolgreiches Ergebnis, Fehler etc.), das Herkunftsland, die Funktionen des vom Nutzer verwendeten Browsers und Betriebssystems, die diversen Zeitangaben pro Aufruf (z. B. wie viel Zeit auf jeder Seite der Anwendung verbracht wurde) und Angaben \u00fcber den Pfad, dem innerhalb einer Anwendung gefolgt wurde, insbesondere die Reihenfolge der besuchten Seiten, sowie sonstige Informationen \u00fcber das Betriebssystem des Ger\u00e4ts und\/oder die IT-Umgebung des Nutzers.<\/p>\n\n\n\n<h4 class=\"wp-block-heading\">Nutzer<\/h4>\n\n\n\n<p>Die diese Anwendung verwendende Person, die, soweit nicht anders bestimmt, mit dem Betroffenen \u00fcbereinstimmt.<\/p>\n\n\n\n<h4 class=\"wp-block-heading\">Betroffener<\/h4>\n\n\n\n<p>Die nat\u00fcrliche Person, auf die sich die personenbezogenen Daten beziehen.<\/p>\n\n\n\n<h4 class=\"wp-block-heading\">Auftragsverarbeiter (oder Datenverarbeiter)<\/h4>\n\n\n\n<p>Nat\u00fcrliche oder juristische Person, Beh\u00f6rde, Einrichtung oder andere Stelle, die personenbezogene Daten im Auftrag des Verantwortlichen verarbeitet, wie in dieser Datenschutzerkl\u00e4rung beschrieben.<\/p>\n\n\n\n<h4 class=\"wp-block-heading\">Verantwortlicher (oder Anbieter, teilweise auch Eigent\u00fcmer)<\/h4>\n\n\n\n<p>Die nat\u00fcrliche oder juristische Person, Beh\u00f6rde, Einrichtung oder andere Stelle, die allein oder gemeinsam mit anderen \u00fcber die Zwecke und Mittel der Verarbeitung personenbezogener Daten sowie die hierf\u00fcr verwendeten Mittel entscheidet, einschlie\u00dflich der Sicherheitsma\u00dfnahmen bez\u00fcglich des sich auf diese Anwendung beziehenden Betriebs und der Nutzung. Soweit nichts anderes angegeben ist, ist der Verantwortliche die nat\u00fcrliche oder juristische Person, \u00fcber welche diese Anwendung angeboten wird.<\/p>\n\n\n\n<h4 class=\"wp-block-heading\">Diese Anwendung<\/h4>\n\n\n\n<p>Das Hardware- oder Software-Tool, mit dem die personenbezogenen Daten des Nutzers erhoben und verarbeitet werden.<\/p>\n\n\n\n<h4 class=\"wp-block-heading\">Dienst<\/h4>\n\n\n\n<p>Der durch diese Anwendung angebotene Dienst, wie in den entsprechenden Nutzungsbedingungen (falls vorhanden) und auf dieser Seite\/Anwendung beschrieben.<\/p>\n\n\n\n<h4 class=\"wp-block-heading\">Europ\u00e4ische Union (oder EU)<\/h4>\n\n\n\n<p>Sofern nicht anders angegeben, beziehen sich alle Verweise in diesem Dokument auf die Europ\u00e4ische Union auf alle derzeitigen Mitgliedstaaten der Europ\u00e4ischen Union und den Europ\u00e4ischen Wirtschaftsraum (EWR).<\/p>\n\n\n\n<hr class=\"wp-block-separator has-alpha-channel-opacity\"\/>\n\n\n\n<h4 class=\"wp-block-heading\">Rechtlicher Hinweis<\/h4>\n\n\n\n<p>Diese Datenschutzerkl\u00e4rung wurde auf der Grundlage von Bestimmungen verschiedener Gesetzgebungen verfasst, einschlie\u00dflich Art. 13\/14 der Verordnung (EU) 2016\/679 (Datenschutz-Grundverordnung).<\/p>\n\n\n\n<p>Diese Datenschutzerkl\u00e4rung bezieht sich ausschlie\u00dflich auf diese Anwendung, sofern in diesem Dokument nicht anders angegeben.<\/p>\n","protected":false},"excerpt":{"rendered":"<p>Um Informationen zu den personenbezogenen Daten, dem Zweck und den Parteien, welchen diese Daten mitgeteilt werden, zu erhalten, kontaktieren Sie den Eigent\u00fcmer. Anbieter und Verantwortlicher mageso Energieberatung&nbsp;R\u00fcdellstr. 6&nbsp;50737 K\u00f6ln E-Mail-Adresse des Anbieters:&nbsp;info@neor.de Arten der erhobenen Daten Der Eigent\u00fcmer stellt keine Auflistung der erhobenen personenbezogenen Daten zur Verf\u00fcgung. Vollst\u00e4ndige Details zu jeder Art von verarbeiteten personenbezogenen [&hellip;]<\/p>\n","protected":false},"author":1,"featured_media":0,"parent":0,"menu_order":0,"comment_status":"closed","ping_status":"closed","template":"","meta":{"saved_in_kubio":true,"footnotes":""},"class_list":["post-3","page","type-page","status-publish","hentry"],"kubio_ai_page_context":{"short_desc":"","purpose":"general"},"yoast_head":"<!-- This site is optimized with the Yoast SEO plugin v27.5 - https:\/\/yoast.com\/product\/yoast-seo-wordpress\/ -->\n<title>Datenschutzerkl\u00e4rung - mageso Energieberatung<\/title>\n<meta name=\"robots\" content=\"index, follow, max-snippet:-1, max-image-preview:large, max-video-preview:-1\" \/>\n<link rel=\"canonical\" href=\"https:\/\/www.mageso.de\/index.php\/datenschutzerklaerung\/\" \/>\n<meta property=\"og:locale\" content=\"de_DE\" \/>\n<meta property=\"og:type\" content=\"article\" \/>\n<meta property=\"og:title\" content=\"Datenschutzerkl\u00e4rung - mageso Energieberatung\" \/>\n<meta property=\"og:description\" content=\"Um Informationen zu den personenbezogenen Daten, dem Zweck und den Parteien, welchen diese Daten mitgeteilt werden, zu erhalten, kontaktieren Sie den Eigent\u00fcmer. Anbieter und Verantwortlicher mageso Energieberatung&nbsp;R\u00fcdellstr. 6&nbsp;50737 K\u00f6ln E-Mail-Adresse des Anbieters:&nbsp;info@neor.de Arten der erhobenen Daten Der Eigent\u00fcmer stellt keine Auflistung der erhobenen personenbezogenen Daten zur Verf\u00fcgung. Vollst\u00e4ndige Details zu jeder Art von verarbeiteten personenbezogenen [&hellip;]\" \/>\n<meta property=\"og:url\" content=\"https:\/\/www.mageso.de\/index.php\/datenschutzerklaerung\/\" \/>\n<meta property=\"og:site_name\" content=\"mageso Energieberatung\" \/>\n<meta property=\"article:modified_time\" content=\"2025-12-03T12:34:43+00:00\" \/>\n<meta name=\"twitter:card\" content=\"summary_large_image\" \/>\n<meta name=\"twitter:label1\" content=\"Gesch\u00e4tzte Lesezeit\" \/>\n\t<meta name=\"twitter:data1\" content=\"8\u00a0Minuten\" \/>\n<script type=\"application\/ld+json\" class=\"yoast-schema-graph\">{\"@context\":\"https:\\\/\\\/schema.org\",\"@graph\":[{\"@type\":\"WebPage\",\"@id\":\"https:\\\/\\\/www.mageso.de\\\/index.php\\\/datenschutzerklaerung\\\/\",\"url\":\"https:\\\/\\\/www.mageso.de\\\/index.php\\\/datenschutzerklaerung\\\/\",\"name\":\"Datenschutzerkl\u00e4rung - mageso Energieberatung\",\"isPartOf\":{\"@id\":\"https:\\\/\\\/mageso.de\\\/#website\"},\"datePublished\":\"2025-12-02T18:52:36+00:00\",\"dateModified\":\"2025-12-03T12:34:43+00:00\",\"breadcrumb\":{\"@id\":\"https:\\\/\\\/www.mageso.de\\\/index.php\\\/datenschutzerklaerung\\\/#breadcrumb\"},\"inLanguage\":\"de\",\"potentialAction\":[{\"@type\":\"ReadAction\",\"target\":[\"https:\\\/\\\/www.mageso.de\\\/index.php\\\/datenschutzerklaerung\\\/\"]}]},{\"@type\":\"BreadcrumbList\",\"@id\":\"https:\\\/\\\/www.mageso.de\\\/index.php\\\/datenschutzerklaerung\\\/#breadcrumb\",\"itemListElement\":[{\"@type\":\"ListItem\",\"position\":1,\"name\":\"Startseite\",\"item\":\"https:\\\/\\\/www.mageso.de\\\/\"},{\"@type\":\"ListItem\",\"position\":2,\"name\":\"Datenschutzerkl\u00e4rung\"}]},{\"@type\":\"WebSite\",\"@id\":\"https:\\\/\\\/mageso.de\\\/#website\",\"url\":\"https:\\\/\\\/mageso.de\\\/\",\"name\":\"mageso Energieberatung\",\"description\":\"\",\"publisher\":{\"@id\":\"https:\\\/\\\/mageso.de\\\/#organization\"},\"potentialAction\":[{\"@type\":\"SearchAction\",\"target\":{\"@type\":\"EntryPoint\",\"urlTemplate\":\"https:\\\/\\\/mageso.de\\\/?s={search_term_string}\"},\"query-input\":{\"@type\":\"PropertyValueSpecification\",\"valueRequired\":true,\"valueName\":\"search_term_string\"}}],\"inLanguage\":\"de\"},{\"@type\":\"Organization\",\"@id\":\"https:\\\/\\\/mageso.de\\\/#organization\",\"name\":\"mageso Energieberatung\",\"url\":\"https:\\\/\\\/mageso.de\\\/\",\"logo\":{\"@type\":\"ImageObject\",\"inLanguage\":\"de\",\"@id\":\"https:\\\/\\\/mageso.de\\\/#\\\/schema\\\/logo\\\/image\\\/\",\"url\":\"https:\\\/\\\/www.mageso.de\\\/wp-content\\\/uploads\\\/2025\\\/12\\\/logo4.png\",\"contentUrl\":\"https:\\\/\\\/www.mageso.de\\\/wp-content\\\/uploads\\\/2025\\\/12\\\/logo4.png\",\"width\":605,\"height\":564,\"caption\":\"mageso Energieberatung\"},\"image\":{\"@id\":\"https:\\\/\\\/mageso.de\\\/#\\\/schema\\\/logo\\\/image\\\/\"}}]}<\/script>\n<!-- \/ Yoast SEO plugin. -->","yoast_head_json":{"title":"Datenschutzerkl\u00e4rung - mageso Energieberatung","robots":{"index":"index","follow":"follow","max-snippet":"max-snippet:-1","max-image-preview":"max-image-preview:large","max-video-preview":"max-video-preview:-1"},"canonical":"https:\/\/www.mageso.de\/index.php\/datenschutzerklaerung\/","og_locale":"de_DE","og_type":"article","og_title":"Datenschutzerkl\u00e4rung - mageso Energieberatung","og_description":"Um Informationen zu den personenbezogenen Daten, dem Zweck und den Parteien, welchen diese Daten mitgeteilt werden, zu erhalten, kontaktieren Sie den Eigent\u00fcmer. Anbieter und Verantwortlicher mageso Energieberatung&nbsp;R\u00fcdellstr. 6&nbsp;50737 K\u00f6ln E-Mail-Adresse des Anbieters:&nbsp;info@neor.de Arten der erhobenen Daten Der Eigent\u00fcmer stellt keine Auflistung der erhobenen personenbezogenen Daten zur Verf\u00fcgung. Vollst\u00e4ndige Details zu jeder Art von verarbeiteten personenbezogenen [&hellip;]","og_url":"https:\/\/www.mageso.de\/index.php\/datenschutzerklaerung\/","og_site_name":"mageso Energieberatung","article_modified_time":"2025-12-03T12:34:43+00:00","twitter_card":"summary_large_image","twitter_misc":{"Gesch\u00e4tzte Lesezeit":"8\u00a0Minuten"},"schema":{"@context":"https:\/\/schema.org","@graph":[{"@type":"WebPage","@id":"https:\/\/www.mageso.de\/index.php\/datenschutzerklaerung\/","url":"https:\/\/www.mageso.de\/index.php\/datenschutzerklaerung\/","name":"Datenschutzerkl\u00e4rung - mageso Energieberatung","isPartOf":{"@id":"https:\/\/mageso.de\/#website"},"datePublished":"2025-12-02T18:52:36+00:00","dateModified":"2025-12-03T12:34:43+00:00","breadcrumb":{"@id":"https:\/\/www.mageso.de\/index.php\/datenschutzerklaerung\/#breadcrumb"},"inLanguage":"de","potentialAction":[{"@type":"ReadAction","target":["https:\/\/www.mageso.de\/index.php\/datenschutzerklaerung\/"]}]},{"@type":"BreadcrumbList","@id":"https:\/\/www.mageso.de\/index.php\/datenschutzerklaerung\/#breadcrumb","itemListElement":[{"@type":"ListItem","position":1,"name":"Startseite","item":"https:\/\/www.mageso.de\/"},{"@type":"ListItem","position":2,"name":"Datenschutzerkl\u00e4rung"}]},{"@type":"WebSite","@id":"https:\/\/mageso.de\/#website","url":"https:\/\/mageso.de\/","name":"mageso Energieberatung","description":"","publisher":{"@id":"https:\/\/mageso.de\/#organization"},"potentialAction":[{"@type":"SearchAction","target":{"@type":"EntryPoint","urlTemplate":"https:\/\/mageso.de\/?s={search_term_string}"},"query-input":{"@type":"PropertyValueSpecification","valueRequired":true,"valueName":"search_term_string"}}],"inLanguage":"de"},{"@type":"Organization","@id":"https:\/\/mageso.de\/#organization","name":"mageso Energieberatung","url":"https:\/\/mageso.de\/","logo":{"@type":"ImageObject","inLanguage":"de","@id":"https:\/\/mageso.de\/#\/schema\/logo\/image\/","url":"https:\/\/www.mageso.de\/wp-content\/uploads\/2025\/12\/logo4.png","contentUrl":"https:\/\/www.mageso.de\/wp-content\/uploads\/2025\/12\/logo4.png","width":605,"height":564,"caption":"mageso Energieberatung"},"image":{"@id":"https:\/\/mageso.de\/#\/schema\/logo\/image\/"}}]}},"jetpack_sharing_enabled":true,"_links":{"self":[{"href":"https:\/\/www.mageso.de\/index.php\/wp-json\/wp\/v2\/pages\/3","targetHints":{"allow":["GET"]}}],"collection":[{"href":"https:\/\/www.mageso.de\/index.php\/wp-json\/wp\/v2\/pages"}],"about":[{"href":"https:\/\/www.mageso.de\/index.php\/wp-json\/wp\/v2\/types\/page"}],"author":[{"embeddable":true,"href":"https:\/\/www.mageso.de\/index.php\/wp-json\/wp\/v2\/users\/1"}],"replies":[{"embeddable":true,"href":"https:\/\/www.mageso.de\/index.php\/wp-json\/wp\/v2\/comments?post=3"}],"version-history":[{"count":2,"href":"https:\/\/www.mageso.de\/index.php\/wp-json\/wp\/v2\/pages\/3\/revisions"}],"predecessor-version":[{"id":125,"href":"https:\/\/www.mageso.de\/index.php\/wp-json\/wp\/v2\/pages\/3\/revisions\/125"}],"wp:attachment":[{"href":"https:\/\/www.mageso.de\/index.php\/wp-json\/wp\/v2\/media?parent=3"}],"curies":[{"name":"wp","href":"https:\/\/api.w.org\/{rel}","templated":true}]}}